er when m + (8 - 4)*11 is divided by 16?
13
Let l = -53 + 33. Let u be 5*4*15/l. Let p = u + 31. Calculate the remainder when p is divided by 6.
4
Suppose v - 61 = -47. Let i be 39/3 - (2 + -1). Let h = i + -4. What is the remainder when v is divided by h?
6
Let n be 0 + (-2 - (0 + -2)). Let h = n - -10. Calculate the remainder when 18 is divided by h.
8
What is the remainder when 24 is divided by (-3)/6 + (-30)/(-4)?
3
Suppose -n + 4*n - 6 = 0. Suppose 2*r + 12 = n*g, g - 3*g + 8 = -3*r. Calculate the remainder when 18 is divided by g.
8
Let f = 13 - 9. Suppose f*q + n - 19 = 0, n + 4 = q + 3. What is the remainder when q*38/4*1 is divided by 10?
8
Suppose 13*n = 10*n + 93. Suppose -2*r + 32 = -0*r. Calculate the remainder when n is divided by r.
15
Let i(d) = 5*d - 3. Let w(o) = -o - 5. Let g be w(-7). Suppose -8 = -g*b - 0*b. What is the remainder when 50 is divided by i(b)?
16
What is the remainder when 4/((-32)/(-6)) + (-1446)/(-24) is divided by 16?
13
Let f(j) = -j**3 - j**2 + 2. Let x be f(0). Suppose 5*b - 22 = -3*k + 18, x*k + 21 = b. Suppose -4 = 2*i - 3*i. Calculate the remainder when b is divided by i.
3
Suppose -3*k + 70 = 2*k. What is the remainder when 41 is divided by k?
13
Suppose -l - 4*u = u - 189, 4*l + 3*u = 773. What is the remainder when l is divided by 39?
38
Let h(c) = 2*c. Calculate the remainder when 61 is divided by h(8).
13
Let q be (0 + -5)*(-28)/(-35). Let h = q + 19. What is the remainder when h is divided by 9?
6
Suppose -3*t + f = -400, -4*t - 2*f - 186 + 706 = 0. Calculate the remainder when t is divided by 34.
30
Suppose -5*g + 2*q - 4 = 4, -3*q + 12 = 4*g. Suppose 2*f + 36 = 3*d - f, -5*f = -10. Calculate the remainder when (0 - -2)*(g - -20) is divided by d.
12
Let r(t) = t**2 + 4. Calculate the remainder when 38 is divided by r(4).
18
Suppose 712 - 82 = 5*y. What is the remainder when y is divided by 32?
30
Suppose -4 = 5*s - 39. Let w = 12 + s. Suppose 3*d - 5*f - 101 = 0, 2*d - 5*f = d + 27. Calculate the remainder when d is divided by w.
18
Suppose 53 = -5*m + 88. Let p = 8 + -4. Suppose p*t - 5*u - 86 - 14 = 0, -5*u = -t + 40. Calculate the remainder when t is divided by m.
6
Let q = 93 - 52. Calculate the remainder when q is divided by 21.
20
Let c = 11 + -6. Calculate the remainder when c is divided by 4.
1
Let z = -137 + 143. Calculate the remainder when z is divided by 2.
0
Suppose -q = -2*v + 98, -196 = -4*v - 4*q + 5*q. Calculate the remainder when v is divided by 19.
11
Suppose 0 = 5*o - 2*o - 3*f - 51, -31 = -2*o + f. Suppose 3*h - 84 = -9. Calculate the remainder when h is divided by o.
11
Suppose 1 = -2*t + 55. Calculate the remainder when 105 is divided by t.
24
Suppose 4*l - 9*l = 0. Suppose -4*y - 4*n = -108, 0*n + 3*n = l. Calculate the remainder when 107 is divided by y.
26
Let i(u) = -u**2 + 6*u + 9. Let q be i(7). Calculate the remainder when 3 - (-7)/((-14)/(-44)) is divided by ((-6)/(-6))/(q/26).
12
Let i(f) = -5*f - 3. What is the remainder when i(-6) is divided by (-310)/93*(-18)/4?
12
Suppose 0 = 5*q - 0*q - 90. Calculate the remainder when q is divided by 5.
3
Calculate the remainder when 38 is divided by ((-13)/2)/((-3)/6).
12
Let v(z) = -z**2 + 1. Let r be v(-1). Suppose r*d - 3 = -d + 5*j, -d = -j - 7. Calculate the remainder when 31 is divided by d.
7
Let j(u) = 7*u - 56. Suppose 0 = b - 3*o - 6, -2*b - 3*o = -4*b + 18. Calculate the remainder when b is divided by j(9).
5
Suppose 5*c - 4*x - 41 = 0, 0 = 3*c + 4*x - 0*x + 1. Suppose -6 = -10*j + 5*j - 4*o, 5*o - c = -5*j. What is the remainder when 5 is divided by j?
1
Let o(z) = 5*z**2 - 6*z + 8. What is the remainder when o(4) is divided by 22?
20
Suppose 6 = 4*p + 22, 2*o - 26 = -p. Suppose 0 = 5*m - 105 + o. What is the remainder when m is divided by 7?
4
Suppose -3*w = -4*w + 23. Let i = w - 14. Calculate the remainder when 33 is divided by i.
6
Let a(j) = 23*j + 21. Let l(y) = -15*y - 14. Let d(s) = -5*a(s) - 8*l(s). What is the remainder when d(5) is divided by 11?
10
Suppose 3*u = -0*u + 3. Let j(i) = 8*i**2. What is the remainder when j(u) is divided by 3?
2
Let f(s) = s - 6. Let r be f(6). Suppose 2*g = 7*g + 2*j - 26, -g - 4*j - 2 = r. Let k = 17 - 13. What is the remainder when g is divided by k?
2
Let f be (-3)/(22/8 - 3). Let h = f - 5. What is the remainder when 26 is divided by h?
5
Suppose -4*n + 10 = -74. Calculate the remainder when 39 is divided by n.
18
Let i = 22 - -18. Let y(t) = 5*t + 2. Let j be y(-8). Let w = -24 - j. What is the remainder when i is divided by w?
12
Suppose 7 = 4*y - 97. Calculate the remainder when (34/(-4))/((-2)/12) is divided by y.
25
Let m(y) = 2*y - 3 - 2*y + 3*y + 8*y**2. What is the remainder when m(2) is divided by 13?
9
Suppose 4*y - 15 + 55 = 0. Let q be (-676)/y + (-8)/(-20). Suppose -4*i - q = -8*i. What is the remainder when i is divided by 6?
5
Let x = 49 + -28. Suppose -w - 2*t = -x, 4*w + 3*t = -w + 133. What is the remainder when w is divided by 15?
14
Suppose -2*r - 3*z = 2*r - 19, 15 = 3*r + 2*z. Suppose -4*q = 4, 0 = 4*t - t - 2*q - 8. What is the remainder when 46/r + (-27)/(-63) is divided by t?
1
Let h = 103 + -100. Calculate the remainder when 4 is divided by h.
1
Let r = 30 + -10. Let a be (-1 - -4)/((-6)/(-8)). Suppose 0 = -5*k - a*v - 0*v + 43, -k - 3*v + 2 = 0. What is the remainder when r is divided by k?
9
Let r(u) = -u**3 + 3*u**2 + 2*u - 2. Let n be r(3). Suppose 3*o - 5*o = -n. What is the remainder when (-1772)/(-36) - o/9 is divided by 17?
15
Suppose 0*h = -5*h - g + 122, 3*g + 9 = 0. Let o = 310 + -262. Calculate the remainder when o is divided by h.
23
Suppose 2*t = -3*u + 63, t + 16 = u - 0*t. Let v = 0 - 0. Suppose -7 = -k - v. What is the remainder when u is divided by k?
5
Let v be (-1 + (1 - 1))*-50. Suppose 2*s + 3*b = 6*s - 155, -s = -3*b - v. What is the remainder when s is divided by 12?
11
Let x(h) = 5*h - 7. Let f(r) = r. Let v(g) = 4*f(g) - x(g). Let c = -1 + 4. What is the remainder when v(0) is divided by c?
1
Let z = -17 - -9. Let x = 10 + z. Suppose -x*f - f = 3, 0 = -4*g + 2*f + 98. What is the remainder when g is divided by 13?
11
Suppose 325 = 6*x - 17. What is the remainder when x is divided by 16?
9
Let q(f) = -f**3 + f**2 - f + 2. Calculate the remainder when (-4)/20 - 11/(-5) is divided by q(0).
0
Let b be (-4)/(-3*2/(-54)). Let k = 6 - b. Calculate the remainder when k is divided by 11.
9
Let q = -51 + 109. Calculate the remainder when q is divided by 12.
10
Suppose 7*m + 54 = 13*m. Calculate the remainder when m is divided by 4.
1
Suppose -1 = -4*k + 55. What is the remainder when 36 is divided by k?
8
Calculate the remainder when 80 is divided by (18/(-8))/((-6)/72).
26
Suppose -5*o + 0*o + 3*u + 254 = 0, -2 = -u. Calculate the remainder when o is divided by 15.
7
Suppose 7 = -n - 0*n - 3*b, 0 = 4*n - 5*b - 6. Let y be (n - 5)/(6/4). Calculate the remainder when 16 is divided by y/(-6) + 16/3.
4
Suppose 0 = t - 2*t. Let w be 2/(2 - 0) - t. Suppose -24 - w = -q - 3*f, -5*q + 5*f = -65. Calculate the remainder when q is divided by 6.
4
Suppose 0 = w + 2, 0*x - 15 = -x - 2*w. Let i be (-3)/(-2)*20/15. Let t(l) = 4*l - 1. What is the remainder when x is divided by t(i)?
5
Let y = 24 - 5. Suppose 5*s = -4*r + 20, -r = -3*s + 9 + 20. Suppose 12 + s = 2*f. What is the remainder when y is divided by f?
9
Let m be (1 + -2 - 0) + 417. Let y be (6/(-4))/((-24)/m). Calculate the remainder when 5 is divided by 28/13 - 4/y.
1
Let v be 1 - -3*(-22)/6. What is the remainder when 34 is divided by 0 + (0 - -2) - v?
10
Let r be (14*1)/((-7)/(-14)). Suppose r + 24 = 2*k. Calculate the remainder when k is divided by 14.
12
Let o(j) = -j**3 + 27*j**2 + 28*j + 6. What is the remainder when 16 is divided by o(28)?
4
Let p(s) = 2*s**3 - 2*s**2 - 2*s + 1. Let w be p(2). Suppose j = -w*a + 21, 0 = 2*j + 3*a + a - 54. What is the remainder when j is divided by 16?
15
Let q = 44 - 26. Let f be (9 - 2) + -2 + -1. Calculate the remainder when q is divided by (-1)/f - 41/(-4).
8
Let x be 0/6 - (-34 + 0). Suppose 0 = 5*n - 4*i - 85, 3*n - 25 - x = 4*i. Calculate the remainder when 24 is divided by n.
11
Suppose 0 = -3*a + t - 6, -7 = -3*a - 2*a - 4*t. Calculate the remainder when 3 is divided by (a/(-2))/(2/12).
0
Let d(p) = -p**3 - 10*p**2 + 6*p 